{"id":464,"date":"2023-10-12T12:52:39","date_gmt":"2023-10-12T12:52:39","guid":{"rendered":"https:\/\/frankfurt.portugal.de\/?page_id=464"},"modified":"2023-10-12T13:13:12","modified_gmt":"2023-10-12T13:13:12","slug":"cobus-industries","status":"publish","type":"page","link":"https:\/\/frankfurt.portugal.de\/pt\/portugal-in-frankfurt\/investitionen\/cobus-industries\/","title":{"rendered":"COBUS Industries"},"content":{"rendered":"<div data-elementor-type=\"wp-page\" data-elementor-id=\"464\" class=\"elementor elementor-464\">\n\t\t\t\t\t\t<section class=\"elementor-section elementor-top-section elementor-element elementor-element-4da435ef elementor-section-boxed elementor-section-height-default elementor-section-height-default\" data-id=\"4da435ef\" data-element_type=\"section\" data-e-type=\"section\">\n\t\t\t\t\t\t<div class=\"elementor-container elementor-column-gap-default\">\n\t\t\t\t\t<div class=\"elementor-column elementor-col-100 elementor-top-column elementor-element elementor-element-2184a4c5\" data-id=\"2184a4c5\" data-element_type=\"column\" data-e-type=\"column\">\n\t\t\t<div class=\"elementor-widget-wrap elementor-element-populated\">\n\t\t\t\t\t\t<div class=\"elementor-element elementor-element-27f3be2b elementor-widget elementor-widget-image\" data-id=\"27f3be2b\" data-element_type=\"widget\" data-e-type=\"widget\" data-widget_type=\"image.default\">\n\t\t\t\t<div class=\"elementor-widget-container\">\n\t\t\t\t\t\t\t\t\t\t\t\t\t\t\t\t<a href=\"http:\/\/www.bree.com\">\n\t\t\t\t\t\t\t<img decoding=\"async\" width=\"300\" height=\"65\" src=\"https:\/\/frankfurt.portugal.de\/wp-content\/uploads\/2023\/10\/cobus-300x65.png\" class=\"attachment-medium size-medium wp-image-505\" alt=\"\" srcset=\"https:\/\/frankfurt.portugal.de\/wp-content\/uploads\/2023\/10\/cobus-300x65.png 300w, https:\/\/frankfurt.portugal.de\/wp-content\/uploads\/2023\/10\/cobus-1024x223.png 1024w, https:\/\/frankfurt.portugal.de\/wp-content\/uploads\/2023\/10\/cobus-768x167.png 768w, https:\/\/frankfurt.portugal.de\/wp-content\/uploads\/2023\/10\/cobus-18x4.png 18w, https:\/\/frankfurt.portugal.de\/wp-content\/uploads\/2023\/10\/cobus.png 1280w\" sizes=\"100vw\" \/>\t\t\t\t\t\t\t\t<\/a>\n\t\t\t\t\t\t\t\t\t\t\t\t\t\t\t<\/div>\n\t\t\t\t<\/div>\n\t\t\t\t\t<\/div>\n\t\t<\/div>\n\t\t\t\t\t<\/div>\n\t\t<\/section>\n\t\t\t\t<section class=\"elementor-section elementor-top-section elementor-element elementor-element-78227bdb elementor-section-boxed elementor-section-height-default elementor-section-height-default\" data-id=\"78227bdb\" data-element_type=\"section\" data-e-type=\"section\">\n\t\t\t\t\t\t<div class=\"elementor-container elementor-column-gap-default\">\n\t\t\t\t\t<div class=\"elementor-column elementor-col-50 elementor-top-column elementor-element elementor-element-6d71a1ab\" data-id=\"6d71a1ab\" data-element_type=\"column\" data-e-type=\"column\">\n\t\t\t<div class=\"elementor-widget-wrap elementor-element-populated\">\n\t\t\t\t\t\t<div class=\"elementor-element elementor-element-534e6a7a elementor-widget elementor-widget-heading\" data-id=\"534e6a7a\" data-element_type=\"widget\" data-e-type=\"widget\" data-widget_type=\"heading.default\">\n\t\t\t\t<div class=\"elementor-widget-container\">\n\t\t\t\t\t<h3 class=\"elementor-heading-title elementor-size-default\">... em Portugal<\/h3>\t\t\t\t<\/div>\n\t\t\t\t<\/div>\n\t\t\t\t<div class=\"elementor-element elementor-element-4f66b404 elementor-widget elementor-widget-text-editor\" data-id=\"4f66b404\" data-element_type=\"widget\" data-e-type=\"widget\" data-widget_type=\"text-editor.default\">\n\t\t\t\t<div class=\"elementor-widget-container\">\n\t\t\t\t\t\t\t\t\t<p><strong>Nome: <\/strong>Grupo Salvador Caetano, SGPS, S.A.<\/p><p><strong>Localiza\u00e7\u00e3o: <\/strong>Avenida Vasco da Gama 1410, 4430-247 Vila Nova de Gaia<\/p><p><strong style=\"font-family: var( --e-global-typography-text-font-family ), Sans-serif;\">Setor: <\/strong>Ve\u00edculos e Componentes - Ve\u00edculos autom\u00f3veis, pesados e ligeiros<\/p>\t\t\t\t\t\t\t\t<\/div>\n\t\t\t\t<\/div>\n\t\t\t\t\t<\/div>\n\t\t<\/div>\n\t\t\t\t<div class=\"elementor-column elementor-col-50 elementor-top-column elementor-element elementor-element-7dac2365\" data-id=\"7dac2365\" data-element_type=\"column\" data-e-type=\"column\">\n\t\t\t<div class=\"elementor-widget-wrap elementor-element-populated\">\n\t\t\t\t\t\t<div class=\"elementor-element elementor-element-5d9b5478 elementor-widget elementor-widget-heading\" data-id=\"5d9b5478\" data-element_type=\"widget\" data-e-type=\"widget\" data-widget_type=\"heading.default\">\n\t\t\t\t<div class=\"elementor-widget-container\">\n\t\t\t\t\t<h3 class=\"elementor-heading-title elementor-size-default\">... na Alemanha<\/h3>\t\t\t\t<\/div>\n\t\t\t\t<\/div>\n\t\t\t\t<div class=\"elementor-element elementor-element-7f48f59b elementor-widget elementor-widget-text-editor\" data-id=\"7f48f59b\" data-element_type=\"widget\" data-e-type=\"widget\" data-widget_type=\"text-editor.default\">\n\t\t\t\t<div class=\"elementor-widget-container\">\n\t\t\t\t\t\t\t\t\t<p><strong>Nome: <\/strong>COBUS Industries<\/p><p><strong>Localiza\u00e7\u00e3o: <\/strong>Max-Plank-Ring 43, 65205 Wiesbaden<\/p><p><strong>Setor: <\/strong>Ve\u00edculos e Componentes - Ve\u00edculos autom\u00f3veis, pesados e ligeiros<\/p>\t\t\t\t\t\t\t\t<\/div>\n\t\t\t\t<\/div>\n\t\t\t\t\t<\/div>\n\t\t<\/div>\n\t\t\t\t\t<\/div>\n\t\t<\/section>\n\t\t\t\t<section class=\"elementor-section elementor-top-section elementor-element elementor-element-70b10a10 elementor-section-boxed elementor-section-height-default elementor-section-height-default\" data-id=\"70b10a10\" data-element_type=\"section\" data-e-type=\"section\">\n\t\t\t\t\t\t<div class=\"elementor-container elementor-column-gap-default\">\n\t\t\t\t\t<div class=\"elementor-column elementor-col-50 elementor-top-column elementor-element elementor-element-5044388\" data-id=\"5044388\" data-element_type=\"column\" data-e-type=\"column\">\n\t\t\t<div class=\"elementor-widget-wrap elementor-element-populated\">\n\t\t\t\t\t\t<div class=\"elementor-element elementor-element-701fda6d elementor-align-left elementor-widget elementor-widget-button\" data-id=\"701fda6d\" data-element_type=\"widget\" data-e-type=\"widget\" data-widget_type=\"button.default\">\n\t\t\t\t<div class=\"elementor-widget-container\">\n\t\t\t\t\t\t\t\t\t<div class=\"elementor-button-wrapper\">\n\t\t\t\t\t<a class=\"elementor-button elementor-button-link elementor-size-sm\" href=\"http:\/\/www.gruposalvadorcaetano.pt\" target=\"_blank\">\n\t\t\t\t\t\t<span class=\"elementor-button-content-wrapper\">\n\t\t\t\t\t\t\t\t\t<span class=\"elementor-button-text\">Website<\/span>\n\t\t\t\t\t<\/span>\n\t\t\t\t\t<\/a>\n\t\t\t\t<\/div>\n\t\t\t\t\t\t\t\t<\/div>\n\t\t\t\t<\/div>\n\t\t\t\t\t<\/div>\n\t\t<\/div>\n\t\t\t\t<div class=\"elementor-column elementor-col-50 elementor-top-column elementor-element elementor-element-7748b8d\" data-id=\"7748b8d\" data-element_type=\"column\" data-e-type=\"column\">\n\t\t\t<div class=\"elementor-widget-wrap elementor-element-populated\">\n\t\t\t\t\t\t<div class=\"elementor-element elementor-element-4614024e elementor-align-left elementor-widget elementor-widget-button\" data-id=\"4614024e\" data-element_type=\"widget\" data-e-type=\"widget\" data-widget_type=\"button.default\">\n\t\t\t\t<div class=\"elementor-widget-container\">\n\t\t\t\t\t\t\t\t\t<div class=\"elementor-button-wrapper\">\n\t\t\t\t\t<a class=\"elementor-button elementor-button-link elementor-size-sm\" href=\"http:\/\/www.cobus-industries.de\" target=\"_blank\">\n\t\t\t\t\t\t<span class=\"elementor-button-content-wrapper\">\n\t\t\t\t\t\t\t\t\t<span class=\"elementor-button-text\">Website<\/span>\n\t\t\t\t\t<\/span>\n\t\t\t\t\t<\/a>\n\t\t\t\t<\/div>\n\t\t\t\t\t\t\t\t<\/div>\n\t\t\t\t<\/div>\n\t\t\t\t\t<\/div>\n\t\t<\/div>\n\t\t\t\t\t<\/div>\n\t\t<\/section>\n\t\t\t\t<\/div>","protected":false},"excerpt":{"rendered":"<p>&#8230; in Portugal Name: Grupo Salvador Caetano, SGPS, S.A. Standort: Avenida Vasco da Gama 1410, 4430-247 Vila Nova de Gaia Branche: Fahrzeuge und Komponenten &#8211; Kraftfahrzeuge, schwere und leichte &#8230; in Deutschland Name: COBUS Industries Standort: Max-Plank-Ring 43, 65205 Wiesbaden Branche: Fahrzeuge und Komponenten &#8211; Kraftfahrzeuge, schwere und leichte Website Website<\/p>","protected":false},"author":2,"featured_media":0,"parent":78,"menu_order":0,"comment_status":"closed","ping_status":"closed","template":"","meta":{"inspiro_hide_title":false,"footnotes":""},"class_list":["post-464","page","type-page","status-publish","hentry"],"_links":{"self":[{"href":"https:\/\/frankfurt.portugal.de\/pt\/wp-json\/wp\/v2\/pages\/464","targetHints":{"allow":["GET"]}}],"collection":[{"href":"https:\/\/frankfurt.portugal.de\/pt\/wp-json\/wp\/v2\/pages"}],"about":[{"href":"https:\/\/frankfurt.portugal.de\/pt\/wp-json\/wp\/v2\/types\/page"}],"author":[{"embeddable":true,"href":"https:\/\/frankfurt.portugal.de\/pt\/wp-json\/wp\/v2\/users\/2"}],"replies":[{"embeddable":true,"href":"https:\/\/frankfurt.portugal.de\/pt\/wp-json\/wp\/v2\/comments?post=464"}],"version-history":[{"count":5,"href":"https:\/\/frankfurt.portugal.de\/pt\/wp-json\/wp\/v2\/pages\/464\/revisions"}],"predecessor-version":[{"id":519,"href":"https:\/\/frankfurt.portugal.de\/pt\/wp-json\/wp\/v2\/pages\/464\/revisions\/519"}],"up":[{"embeddable":true,"href":"https:\/\/frankfurt.portugal.de\/pt\/wp-json\/wp\/v2\/pages\/78"}],"wp:attachment":[{"href":"https:\/\/frankfurt.portugal.de\/pt\/wp-json\/wp\/v2\/media?parent=464"}],"curies":[{"name":"wp","href":"https:\/\/api.w.org\/{rel}","templated":true}]}}

<div data-elementor-type="wp-page" data-elementor-id="464" class="elementor elementor-464">
						<section class="elementor-section elementor-top-section elementor-element elementor-element-4da435ef elementor-section-boxed elementor-section-height-default elementor-section-height-default" data-id="4da435ef" data-element_type="section" data-e-type="section">
						<div class="elementor-container elementor-column-gap-default">
					<div class="elementor-column elementor-col-100 elementor-top-column elementor-element elementor-element-2184a4c5" data-id="2184a4c5" data-element_type="column" data-e-type="column">
			<div class="elementor-widget-wrap elementor-element-populated">
						<div class="elementor-element elementor-element-27f3be2b elementor-widget elementor-widget-image" data-id="27f3be2b" data-element_type="widget" data-e-type="widget" data-widget_type="image.default">
				<div class="elementor-widget-container">
																<a href="http://www.bree.com">
							<img decoding="async" width="300" height="65" src="https://frankfurt.portugal.de/wp-content/uploads/2023/10/cobus-300x65.png" class="attachment-medium size-medium wp-image-505" alt="" srcset="https://frankfurt.portugal.de/wp-content/uploads/2023/10/cobus-300x65.png 300w, https://frankfurt.portugal.de/wp-content/uploads/2023/10/cobus-1024x223.png 1024w, https://frankfurt.portugal.de/wp-content/uploads/2023/10/cobus-768x167.png 768w, https://frankfurt.portugal.de/wp-content/uploads/2023/10/cobus-18x4.png 18w, https://frankfurt.portugal.de/wp-content/uploads/2023/10/cobus.png 1280w" sizes="100vw" />								</a>
															</div>
				</div>
					</div>
		</div>
					</div>
		</section>
				<section class="elementor-section elementor-top-section elementor-element elementor-element-78227bdb elementor-section-boxed elementor-section-height-default elementor-section-height-default" data-id="78227bdb" data-element_type="section" data-e-type="section">
						<div class="elementor-container elementor-column-gap-default">
					<div class="elementor-column elementor-col-50 elementor-top-column elementor-element elementor-element-6d71a1ab" data-id="6d71a1ab" data-element_type="column" data-e-type="column">
			<div class="elementor-widget-wrap elementor-element-populated">
						<div class="elementor-element elementor-element-534e6a7a elementor-widget elementor-widget-heading" data-id="534e6a7a" data-element_type="widget" data-e-type="widget" data-widget_type="heading.default">
				<div class="elementor-widget-container">
					<h3 class="elementor-heading-title elementor-size-default">... em Portugal</h3>				</div>
				</div>
				<div class="elementor-element elementor-element-4f66b404 elementor-widget elementor-widget-text-editor" data-id="4f66b404" data-element_type="widget" data-e-type="widget" data-widget_type="text-editor.default">
				<div class="elementor-widget-container">
									<p><strong>Nome: </strong>Grupo Salvador Caetano, SGPS, S.A.</p><p><strong>Localização: </strong>Avenida Vasco da Gama 1410, 4430-247 Vila Nova de Gaia</p><p><strong style="font-family: var( --e-global-typography-text-font-family ), Sans-serif;">Setor: </strong>Veículos e Componentes - Veículos automóveis, pesados e ligeiros</p>								</div>
				</div>
					</div>
		</div>
				<div class="elementor-column elementor-col-50 elementor-top-column elementor-element elementor-element-7dac2365" data-id="7dac2365" data-element_type="column" data-e-type="column">
			<div class="elementor-widget-wrap elementor-element-populated">
						<div class="elementor-element elementor-element-5d9b5478 elementor-widget elementor-widget-heading" data-id="5d9b5478" data-element_type="widget" data-e-type="widget" data-widget_type="heading.default">
				<div class="elementor-widget-container">
					<h3 class="elementor-heading-title elementor-size-default">... na Alemanha</h3>				</div>
				</div>
				<div class="elementor-element elementor-element-7f48f59b elementor-widget elementor-widget-text-editor" data-id="7f48f59b" data-element_type="widget" data-e-type="widget" data-widget_type="text-editor.default">
				<div class="elementor-widget-container">
									<p><strong>Nome: </strong>COBUS Industries</p><p><strong>Localização: </strong>Max-Plank-Ring 43, 65205 Wiesbaden</p><p><strong>Setor: </strong>Veículos e Componentes - Veículos automóveis, pesados e ligeiros</p>								</div>
				</div>
					</div>
		</div>
					</div>
		</section>
				<section class="elementor-section elementor-top-section elementor-element elementor-element-70b10a10 elementor-section-boxed elementor-section-height-default elementor-section-height-default" data-id="70b10a10" data-element_type="section" data-e-type="section">
						<div class="elementor-container elementor-column-gap-default">
					<div class="elementor-column elementor-col-50 elementor-top-column elementor-element elementor-element-5044388" data-id="5044388" data-element_type="column" data-e-type="column">
			<div class="elementor-widget-wrap elementor-element-populated">
						<div class="elementor-element elementor-element-701fda6d elementor-align-left elementor-widget elementor-widget-button" data-id="701fda6d" data-element_type="widget" data-e-type="widget" data-widget_type="button.default">
				<div class="elementor-widget-container">
									<div class="elementor-button-wrapper">
					<a class="elementor-button elementor-button-link elementor-size-sm" href="http://www.gruposalvadorcaetano.pt" target="_blank">
						<span class="elementor-button-content-wrapper">
									<span class="elementor-button-text">Website</span>
					</span>
					</a>
				</div>
								</div>
				</div>
					</div>
		</div>
				<div class="elementor-column elementor-col-50 elementor-top-column elementor-element elementor-element-7748b8d" data-id="7748b8d" data-element_type="column" data-e-type="column">
			<div class="elementor-widget-wrap elementor-element-populated">
						<div class="elementor-element elementor-element-4614024e elementor-align-left elementor-widget elementor-widget-button" data-id="4614024e" data-element_type="widget" data-e-type="widget" data-widget_type="button.default">
				<div class="elementor-widget-container">
									<div class="elementor-button-wrapper">
					<a class="elementor-button elementor-button-link elementor-size-sm" href="http://www.cobus-industries.de" target="_blank">
						<span class="elementor-button-content-wrapper">
									<span class="elementor-button-text">Website</span>
					</span>
					</a>
				</div>
								</div>
				</div>
					</div>
		</div>
					</div>
		</section>
				</div>
