{"id":460,"date":"2023-10-12T12:52:09","date_gmt":"2023-10-12T12:52:09","guid":{"rendered":"https:\/\/frankfurt.portugal.de\/?page_id=460"},"modified":"2023-10-12T13:19:38","modified_gmt":"2023-10-12T13:19:38","slug":"montepio","status":"publish","type":"page","link":"https:\/\/frankfurt.portugal.de\/pt\/portugal-in-frankfurt\/investitionen\/montepio\/","title":{"rendered":"Montepio"},"content":{"rendered":"<div data-elementor-type=\"wp-page\" data-elementor-id=\"460\" class=\"elementor elementor-460\">\n\t\t\t\t\t\t<section class=\"elementor-section elementor-top-section elementor-element elementor-element-79a53ef8 elementor-section-boxed elementor-section-height-default elementor-section-height-default\" data-id=\"79a53ef8\" data-element_type=\"section\" data-e-type=\"section\">\n\t\t\t\t\t\t<div class=\"elementor-container elementor-column-gap-default\">\n\t\t\t\t\t<div class=\"elementor-column elementor-col-100 elementor-top-column elementor-element elementor-element-cff49d7\" data-id=\"cff49d7\" data-element_type=\"column\" data-e-type=\"column\">\n\t\t\t<div class=\"elementor-widget-wrap elementor-element-populated\">\n\t\t\t\t\t\t<div class=\"elementor-element elementor-element-2e819255 elementor-widget elementor-widget-image\" data-id=\"2e819255\" data-element_type=\"widget\" data-e-type=\"widget\" data-widget_type=\"image.default\">\n\t\t\t\t<div class=\"elementor-widget-container\">\n\t\t\t\t\t\t\t\t\t\t\t\t\t\t\t\t<a href=\"http:\/\/www.bree.com\">\n\t\t\t\t\t\t\t<img decoding=\"async\" width=\"300\" height=\"93\" src=\"http:\/\/frankfurt.portugal.de\/wp-content\/uploads\/2023\/10\/montepio.png\" class=\"attachment-medium size-medium wp-image-501\" alt=\"\" srcset=\"http:\/\/frankfurt.portugal.de\/wp-content\/uploads\/2023\/10\/montepio.png 300w, http:\/\/frankfurt.portugal.de\/wp-content\/uploads\/2023\/10\/montepio-18x6.png 18w\" sizes=\"100vw\" \/>\t\t\t\t\t\t\t\t<\/a>\n\t\t\t\t\t\t\t\t\t\t\t\t\t\t\t<\/div>\n\t\t\t\t<\/div>\n\t\t\t\t\t<\/div>\n\t\t<\/div>\n\t\t\t\t\t<\/div>\n\t\t<\/section>\n\t\t\t\t<section class=\"elementor-section elementor-top-section elementor-element elementor-element-37d79d3d elementor-section-boxed elementor-section-height-default elementor-section-height-default\" data-id=\"37d79d3d\" data-element_type=\"section\" data-e-type=\"section\">\n\t\t\t\t\t\t<div class=\"elementor-container elementor-column-gap-default\">\n\t\t\t\t\t<div class=\"elementor-column elementor-col-50 elementor-top-column elementor-element elementor-element-3ac93aad\" data-id=\"3ac93aad\" data-element_type=\"column\" data-e-type=\"column\">\n\t\t\t<div class=\"elementor-widget-wrap elementor-element-populated\">\n\t\t\t\t\t\t<div class=\"elementor-element elementor-element-43f4b02c elementor-widget elementor-widget-heading\" data-id=\"43f4b02c\" data-element_type=\"widget\" data-e-type=\"widget\" data-widget_type=\"heading.default\">\n\t\t\t\t<div class=\"elementor-widget-container\">\n\t\t\t\t\t<h3 class=\"elementor-heading-title elementor-size-default\">... em Portugal<\/h3>\t\t\t\t<\/div>\n\t\t\t\t<\/div>\n\t\t\t\t<div class=\"elementor-element elementor-element-1e0ab070 elementor-widget elementor-widget-text-editor\" data-id=\"1e0ab070\" data-element_type=\"widget\" data-e-type=\"widget\" data-widget_type=\"text-editor.default\">\n\t\t\t\t<div class=\"elementor-widget-container\">\n\t\t\t\t\t\t\t\t\t<p><strong>Nome: <\/strong>Montepio Associa\u00e7\u00e3o Mutualista<\/p><p><strong>Localiza\u00e7\u00e3o: <\/strong>Rua do Ouro 219, 1100-062 Lisboa<\/p><p><strong style=\"font-family: var( --e-global-typography-text-font-family ), Sans-serif;\">Setor: <\/strong>Servi\u00e7os e Distribui\u00e7\u00e3o - Servi\u00e7os financeiros<\/p>\t\t\t\t\t\t\t\t<\/div>\n\t\t\t\t<\/div>\n\t\t\t\t\t<\/div>\n\t\t<\/div>\n\t\t\t\t<div class=\"elementor-column elementor-col-50 elementor-top-column elementor-element elementor-element-76b56aa7\" data-id=\"76b56aa7\" data-element_type=\"column\" data-e-type=\"column\">\n\t\t\t<div class=\"elementor-widget-wrap elementor-element-populated\">\n\t\t\t\t\t\t<div class=\"elementor-element elementor-element-756ffd6e elementor-widget elementor-widget-heading\" data-id=\"756ffd6e\" data-element_type=\"widget\" data-e-type=\"widget\" data-widget_type=\"heading.default\">\n\t\t\t\t<div class=\"elementor-widget-container\">\n\t\t\t\t\t<h3 class=\"elementor-heading-title elementor-size-default\">... na Alemanha<\/h3>\t\t\t\t<\/div>\n\t\t\t\t<\/div>\n\t\t\t\t<div class=\"elementor-element elementor-element-11b5e18b elementor-widget elementor-widget-text-editor\" data-id=\"11b5e18b\" data-element_type=\"widget\" data-e-type=\"widget\" data-widget_type=\"text-editor.default\">\n\t\t\t\t<div class=\"elementor-widget-container\">\n\t\t\t\t\t\t\t\t\t<p><strong>Nome: <\/strong>Caixa Econ\u00f3mica Montepio Geral<\/p><p><strong>Localiza\u00e7\u00e3o: <\/strong>Sch\u00e4fergasse 17, 60313 Frankfurt am Main<\/p><p><strong>Setor: <\/strong>Servi\u00e7os e Distribui\u00e7\u00e3o - Servi\u00e7os financeiros<\/p>\t\t\t\t\t\t\t\t<\/div>\n\t\t\t\t<\/div>\n\t\t\t\t\t<\/div>\n\t\t<\/div>\n\t\t\t\t\t<\/div>\n\t\t<\/section>\n\t\t\t\t<section class=\"elementor-section elementor-top-section elementor-element elementor-element-225e5ebc elementor-section-boxed elementor-section-height-default elementor-section-height-default\" data-id=\"225e5ebc\" data-element_type=\"section\" data-e-type=\"section\">\n\t\t\t\t\t\t<div class=\"elementor-container elementor-column-gap-default\">\n\t\t\t\t\t<div class=\"elementor-column elementor-col-50 elementor-top-column elementor-element elementor-element-7b8a7e3a\" data-id=\"7b8a7e3a\" data-element_type=\"column\" data-e-type=\"column\">\n\t\t\t<div class=\"elementor-widget-wrap elementor-element-populated\">\n\t\t\t\t\t\t<div class=\"elementor-element elementor-element-7fdf60e9 elementor-align-left elementor-widget elementor-widget-button\" data-id=\"7fdf60e9\" data-element_type=\"widget\" data-e-type=\"widget\" data-widget_type=\"button.default\">\n\t\t\t\t<div class=\"elementor-widget-container\">\n\t\t\t\t\t\t\t\t\t<div class=\"elementor-button-wrapper\">\n\t\t\t\t\t<a class=\"elementor-button elementor-button-link elementor-size-sm\" href=\"http:\/\/www.montepio.pt\" target=\"_blank\">\n\t\t\t\t\t\t<span class=\"elementor-button-content-wrapper\">\n\t\t\t\t\t\t\t\t\t<span class=\"elementor-button-text\">Website<\/span>\n\t\t\t\t\t<\/span>\n\t\t\t\t\t<\/a>\n\t\t\t\t<\/div>\n\t\t\t\t\t\t\t\t<\/div>\n\t\t\t\t<\/div>\n\t\t\t\t\t<\/div>\n\t\t<\/div>\n\t\t\t\t<div class=\"elementor-column elementor-col-50 elementor-top-column elementor-element elementor-element-5bd8ac5\" data-id=\"5bd8ac5\" data-element_type=\"column\" data-e-type=\"column\">\n\t\t\t<div class=\"elementor-widget-wrap elementor-element-populated\">\n\t\t\t\t\t\t<div class=\"elementor-element elementor-element-5d5a4798 elementor-align-left elementor-widget elementor-widget-button\" data-id=\"5d5a4798\" data-element_type=\"widget\" data-e-type=\"widget\" data-widget_type=\"button.default\">\n\t\t\t\t<div class=\"elementor-widget-container\">\n\t\t\t\t\t\t\t\t\t<div class=\"elementor-button-wrapper\">\n\t\t\t\t\t<a class=\"elementor-button elementor-button-link elementor-size-sm\" href=\"http:\/\/www.montepio.pt\" target=\"_blank\">\n\t\t\t\t\t\t<span class=\"elementor-button-content-wrapper\">\n\t\t\t\t\t\t\t\t\t<span class=\"elementor-button-text\">Website<\/span>\n\t\t\t\t\t<\/span>\n\t\t\t\t\t<\/a>\n\t\t\t\t<\/div>\n\t\t\t\t\t\t\t\t<\/div>\n\t\t\t\t<\/div>\n\t\t\t\t\t<\/div>\n\t\t<\/div>\n\t\t\t\t\t<\/div>\n\t\t<\/section>\n\t\t\t\t<\/div>","protected":false},"excerpt":{"rendered":"<p>&#8230; in Portugal Name: Montepio Associa\u00e7\u00e3o Mutualista Standort: Rua do Ouro 219, 1100-062 Lisboa Branche: Dienstleistungen und Vertrieb &#8211; Finanzdienstleistungen &#8230; in Deutschland Name: Caixa Econ\u00f3mica Montepio Geral Standort: Sch\u00e4fergasse 17, 60313 Frankfurt am Main Branche: Dienstleistungen und Vertrieb &#8211; Finanzdienstleistungen Website Website<\/p>","protected":false},"author":2,"featured_media":0,"parent":78,"menu_order":0,"comment_status":"closed","ping_status":"closed","template":"","meta":{"inspiro_hide_title":false,"footnotes":""},"class_list":["post-460","page","type-page","status-publish","hentry"],"_links":{"self":[{"href":"https:\/\/frankfurt.portugal.de\/pt\/wp-json\/wp\/v2\/pages\/460","targetHints":{"allow":["GET"]}}],"collection":[{"href":"https:\/\/frankfurt.portugal.de\/pt\/wp-json\/wp\/v2\/pages"}],"about":[{"href":"https:\/\/frankfurt.portugal.de\/pt\/wp-json\/wp\/v2\/types\/page"}],"author":[{"embeddable":true,"href":"https:\/\/frankfurt.portugal.de\/pt\/wp-json\/wp\/v2\/users\/2"}],"replies":[{"embeddable":true,"href":"https:\/\/frankfurt.portugal.de\/pt\/wp-json\/wp\/v2\/comments?post=460"}],"version-history":[{"count":5,"href":"https:\/\/frankfurt.portugal.de\/pt\/wp-json\/wp\/v2\/pages\/460\/revisions"}],"predecessor-version":[{"id":535,"href":"https:\/\/frankfurt.portugal.de\/pt\/wp-json\/wp\/v2\/pages\/460\/revisions\/535"}],"up":[{"embeddable":true,"href":"https:\/\/frankfurt.portugal.de\/pt\/wp-json\/wp\/v2\/pages\/78"}],"wp:attachment":[{"href":"https:\/\/frankfurt.portugal.de\/pt\/wp-json\/wp\/v2\/media?parent=460"}],"curies":[{"name":"wp","href":"https:\/\/api.w.org\/{rel}","templated":true}]}}

<div data-elementor-type="wp-page" data-elementor-id="460" class="elementor elementor-460">
						<section class="elementor-section elementor-top-section elementor-element elementor-element-79a53ef8 elementor-section-boxed elementor-section-height-default elementor-section-height-default" data-id="79a53ef8" data-element_type="section" data-e-type="section">
						<div class="elementor-container elementor-column-gap-default">
					<div class="elementor-column elementor-col-100 elementor-top-column elementor-element elementor-element-cff49d7" data-id="cff49d7" data-element_type="column" data-e-type="column">
			<div class="elementor-widget-wrap elementor-element-populated">
						<div class="elementor-element elementor-element-2e819255 elementor-widget elementor-widget-image" data-id="2e819255" data-element_type="widget" data-e-type="widget" data-widget_type="image.default">
				<div class="elementor-widget-container">
																<a href="http://www.bree.com">
							<img decoding="async" width="300" height="93" src="http://frankfurt.portugal.de/wp-content/uploads/2023/10/montepio.png" class="attachment-medium size-medium wp-image-501" alt="" srcset="http://frankfurt.portugal.de/wp-content/uploads/2023/10/montepio.png 300w, http://frankfurt.portugal.de/wp-content/uploads/2023/10/montepio-18x6.png 18w" sizes="100vw" />								</a>
															</div>
				</div>
					</div>
		</div>
					</div>
		</section>
				<section class="elementor-section elementor-top-section elementor-element elementor-element-37d79d3d elementor-section-boxed elementor-section-height-default elementor-section-height-default" data-id="37d79d3d" data-element_type="section" data-e-type="section">
						<div class="elementor-container elementor-column-gap-default">
					<div class="elementor-column elementor-col-50 elementor-top-column elementor-element elementor-element-3ac93aad" data-id="3ac93aad" data-element_type="column" data-e-type="column">
			<div class="elementor-widget-wrap elementor-element-populated">
						<div class="elementor-element elementor-element-43f4b02c elementor-widget elementor-widget-heading" data-id="43f4b02c" data-element_type="widget" data-e-type="widget" data-widget_type="heading.default">
				<div class="elementor-widget-container">
					<h3 class="elementor-heading-title elementor-size-default">... em Portugal</h3>				</div>
				</div>
				<div class="elementor-element elementor-element-1e0ab070 elementor-widget elementor-widget-text-editor" data-id="1e0ab070" data-element_type="widget" data-e-type="widget" data-widget_type="text-editor.default">
				<div class="elementor-widget-container">
									<p><strong>Nome: </strong>Montepio Associação Mutualista</p><p><strong>Localização: </strong>Rua do Ouro 219, 1100-062 Lisboa</p><p><strong style="font-family: var( --e-global-typography-text-font-family ), Sans-serif;">Setor: </strong>Serviços e Distribuição - Serviços financeiros</p>								</div>
				</div>
					</div>
		</div>
				<div class="elementor-column elementor-col-50 elementor-top-column elementor-element elementor-element-76b56aa7" data-id="76b56aa7" data-element_type="column" data-e-type="column">
			<div class="elementor-widget-wrap elementor-element-populated">
						<div class="elementor-element elementor-element-756ffd6e elementor-widget elementor-widget-heading" data-id="756ffd6e" data-element_type="widget" data-e-type="widget" data-widget_type="heading.default">
				<div class="elementor-widget-container">
					<h3 class="elementor-heading-title elementor-size-default">... na Alemanha</h3>				</div>
				</div>
				<div class="elementor-element elementor-element-11b5e18b elementor-widget elementor-widget-text-editor" data-id="11b5e18b" data-element_type="widget" data-e-type="widget" data-widget_type="text-editor.default">
				<div class="elementor-widget-container">
									<p><strong>Nome: </strong>Caixa Económica Montepio Geral</p><p><strong>Localização: </strong>Schäfergasse 17, 60313 Frankfurt am Main</p><p><strong>Setor: </strong>Serviços e Distribuição - Serviços financeiros</p>								</div>
				</div>
					</div>
		</div>
					</div>
		</section>
				<section class="elementor-section elementor-top-section elementor-element elementor-element-225e5ebc elementor-section-boxed elementor-section-height-default elementor-section-height-default" data-id="225e5ebc" data-element_type="section" data-e-type="section">
						<div class="elementor-container elementor-column-gap-default">
					<div class="elementor-column elementor-col-50 elementor-top-column elementor-element elementor-element-7b8a7e3a" data-id="7b8a7e3a" data-element_type="column" data-e-type="column">
			<div class="elementor-widget-wrap elementor-element-populated">
						<div class="elementor-element elementor-element-7fdf60e9 elementor-align-left elementor-widget elementor-widget-button" data-id="7fdf60e9" data-element_type="widget" data-e-type="widget" data-widget_type="button.default">
				<div class="elementor-widget-container">
									<div class="elementor-button-wrapper">
					<a class="elementor-button elementor-button-link elementor-size-sm" href="http://www.montepio.pt" target="_blank">
						<span class="elementor-button-content-wrapper">
									<span class="elementor-button-text">Website</span>
					</span>
					</a>
				</div>
								</div>
				</div>
					</div>
		</div>
				<div class="elementor-column elementor-col-50 elementor-top-column elementor-element elementor-element-5bd8ac5" data-id="5bd8ac5" data-element_type="column" data-e-type="column">
			<div class="elementor-widget-wrap elementor-element-populated">
						<div class="elementor-element elementor-element-5d5a4798 elementor-align-left elementor-widget elementor-widget-button" data-id="5d5a4798" data-element_type="widget" data-e-type="widget" data-widget_type="button.default">
				<div class="elementor-widget-container">
									<div class="elementor-button-wrapper">
					<a class="elementor-button elementor-button-link elementor-size-sm" href="http://www.montepio.pt" target="_blank">
						<span class="elementor-button-content-wrapper">
									<span class="elementor-button-text">Website</span>
					</span>
					</a>
				</div>
								</div>
				</div>
					</div>
		</div>
					</div>
		</section>
				</div>

<p>&#8230; in Portugal Name: Montepio Associação Mutualista Standort: Rua do Ouro 219, 1100-062 Lisboa Branche: Dienstleistungen und Vertrieb &#8211; Finanzdienstleistungen &#8230; in Deutschland Name: Caixa Económica Montepio Geral Standort: Schäfergasse 17, 60313 Frankfurt am Main Branche: Dienstleistungen und Vertrieb &#8211; Finanzdienstleistungen Website Website</p>
